 digit of 2018115?
1
What is the hundred thousands digit of 4627194?
6
What is the tens digit of 13000121?
2
What is the ten millions digit of 18511945?
1
What is the hundreds digit of 200897?
8
What is the ten thousands digit of 1006347?
0
What is the units digit of 166163?
3
What is the hundreds digit of 27381585?
5
What is the hundred thousands digit of 1309014?
3
What is the tens digit of 514559?
5
What is the hundreds digit of 4171026?
0
What is the ten thousands digit of 2852059?
5
What is the tens digit of 909000?
0
What is the hundred thousands digit of 4113577?
1
What is the units digit of 3414509?
9
What is the tens digit of 272557?
5
What is the ten thousands digit of 71701?
7
What is the thousands digit of 798616?
8
What is the units digit of 415483?
3
What is the hundred thousands digit of 2495026?
4
What is the thousands digit of 28825788?
5
What is the thousands digit of 574789?
4
What is the units digit of 172334?
4
What is the hundred thousands digit of 2157554?
1
What is the ten thousands digit of 1019551?
1
What is the ten thousands digit of 1879529?
7
What is the millions digit of 22539926?
2
What is the thousands digit of 2495962?
5
What is the units digit of 2567755?
5
What is the units digit of 442238?
8
What is the tens digit of 12643848?
4
What is the tens digit of 88499?
9
What is the units digit of 171858?
8
What is the thousands digit of 1329127?
9
What is the millions digit of 2917101?
2
What is the hundred thousands digit of 326270?
3
What is the hundred thousands digit of 1180264?
1
What is the ten thousands digit of 8058847?
5
What is the tens digit of 19360?
6
What is the hundreds digit of 4729402?
4
What is the ten thousands digit of 566192?
6
What is the hundreds digit of 23651140?
1
What is the hundreds digit of 6124687?
6
What is the hundred thousands digit of 1761085?
7
What is the tens digit of 564371?
7
What is the thousands digit of 88831?
8
What is the units digit of 225774?
4
What is the thousands digit of 19634203?
4
What is the tens digit of 1562006?
0
What is the tens digit of 341089?
8
What is the thousands digit of 360245?
0
What is the tens digit of 685635?
3
What is the tens digit of 754011?
1
What is the hundreds digit of 4191192?
1
What is the units digit of 7433?
3
What is the hundred thousands digit of 2333610?
3
What is the hundreds digit of 4218285?
2
What is the ten thousands digit of 94634?
9
What is the millions digit of 2389910?
2
What is the thousands digit of 6341094?
1
What is the thousands digit of 1907930?
7
What is the thousands digit of 761141?
1
What is the hundreds digit of 63239?
2
What is the thousands digit of 15058447?
8
What is the units digit of 9360997?
7
What is the hundred thousands digit of 1514500?
5
What is the tens digit of 4050576?
7
What is the hundred thousands digit of 499697?
4
What is the units digit of 277974?
4
What is the thousands digit of 11753003?
3
What is the ten thousands digit of 3439593?
3
What is the units digit of 122577?
7
What is the hundred thousands digit of 613198?
6
What is the millions digit of 5309047?
5
What is the hundred thousands digit of 167330?
1
What is the thousands digit of 1483068?
3
What is the hundred thousands digit of 2826156?
8
What is the hundred thousands digit of 17796767?
7
What is the thousands digit of 3586487?
6
What is the units digit of 1857196?
6
What is the tens digit of 205326?
2
What is the ten millions digit of 14770525?
1
What is the hundred thousands digit of 16390059?
3
What is the units digit of 16480?
0
What is the ten thousands digit of 579951?
7
What is the units digit of 1923112?
2
What is the ten thousands digit of 1159547?
5
What is the tens digit of 262375?
7
What is the hundreds digit of 32232673?
6
What is the units digit of 91002?
2
What is the thousands digit of 12104?
2
What is the millions digit of 2748350?
2
What is the ten thousands digit of 186712?
8
What is the hundred thousands digit of 17231438?
2
What is the hundred thousands digit of 165400?
1
What is the millions digit of 18383599?
8
What is the hundred thousands digit of 391583?
3
What is the units digit of 699510?
0
What is the thousands digit of 2351597?
1
What is the thousands digit of 18881019?
1
What is the tens digit of 7268925?
2
What is the thousands digit of 183435?
3
What is the millions digit of 1851713?
1
What is the thousands digit of 80517?
0
What is the thousands digit of 312477?
2
What is the ten millions digit of 36640504?
3
What is the hundreds digit of 115650?
6
What is the hundred thousands digit of 2986619?
9
What is the tens digit of 603667?
6
What is the tens digit of 70684?
8
What is the ten thousands digit of 4349068?
4
What is the ten thousands digit of 1364939?
6
What is the thousands digit of 4277248?
7
What is the hundreds digit of 1031?
0
What is the ten thousands digit of 181609?
8
What is the millions digit of 5778878?
5
What is the hundred thousands digit of 7617880?
6
What is the hundreds digit of 8286326?
3
What is the hundred thousands digit of 977832?
9
What is the thousands digit of 1630282?
0
What is the units digit of 1488538?
8
What is the hundreds digit of 217334?
3
What is the hundred thousands digit of 27097016?
0
What is the hundred thousands digit of 11354005?
3
What is the hundred thousands digit of 1594246?
5
What is the tens digit of 28381?
8
What is the hundred thousands digit of 1415025?
4
What is the ten thousands digit of 60766?
6
What is the hundreds digit of 184334?
3
What is the units digit of 4027?
7
What is the hundreds digit of 1155235?
2
What is the hundreds digit of 6233600?
6
What is the hundreds digit of 543245?
2
What is the tens digit of 28404130?
3
What is the tens digit of 703907?
0
What is the millions digit of 1453923?
1
What is the ten thousands digit of 8906511?
0
What is the hundred thousands digit of 368757?
3
What is the tens digit of 16209542?
4
What is the tens digit of 51832?
3
What is the thousands digit of 1269635?
9
What is the thousands digit of 580169?
0
What is the thousands digit of 2865949?
5
What is the hundreds digit of 315614?
6
What is the units digit of 9118588?
8
What is the ten thousands digit of 844630?
4
What is the ten thousands digit of 20130253?
3
What is the hundreds digit of 424047?
0
What is the hundred thousands digit of 3311672?
3
What is the thousands digit of 1449068?
9
What is the hundreds digit of 5861609?
6
What is the hundred thousands digit of 12738773?
7
What is the thousands digit of 34106?
4
What is the ten thousands digit of 604701?
0
What is the thousands digit of 4681679?
1
What is the thousands digit of 1568824?
8
What is the hundreds digit of 9729762?
7
What is the hundreds digit of 7260786?
7
What is the ten thousands digit of 2049837?
4
What is the hundreds digit of 3322991?
9
What is the tens digit of 2162357?
5
What is the thousands digit of 2836385?
6
What is the ten millions digit of 13021575?
1
What is the units digit of 8323393?
3
What is the thousands digit of 12692805?
2
What is the hundreds digit of 220678?
6
What is the ten thousands digit of 4791074?
9
What is the millions digit of 1674129?
1
What is the tens digit of 163439?
3
What is the thousands digit of 239743?
9
What is the hundreds digit of 4107428?
4
What is the hundred thousands digit of 2512942?
5
What is the units digit of 637349?
9
What is the units digit of 168112?
2
What is the thousands digit of 512005?
2
What is the millions digit of 1517284?
1
What is the ten millions digit of 11333039?
1
What is the tens digit of 2652819?
1
What is the hundreds digit of 991351?
3
What is the thousands digit of 21063027?
3
What is the tens digit of 1449043?
4
What is the hundred thousands digit of 675417?
6
What is the millions digit of 1264129?
1
What is the thousands digit of 1309714?
9
What is the units digit of 331151?
1
What is the units digit of 784124?
4
What is the ten thousands digit of 11479499?
7
What is the units digit of 8493710?
0
What is the thousands digit of 12691613?
1
What is the ten thousands digit of 9865448?
6
What is the units digit of 38441130?
0
What is the thousands digit of 19155505?
5
What is the hundreds digit of 279481?
4
What is the thousands digit of 2132482?
2
What is the hundreds digit of 1015846?
8
What is the unit